18?
2, 31, 839
What are the prime factors of 627?
3, 11, 19
List the prime factors of 127306.
2, 53, 1201
List the prime factors of 3796.
2, 13, 73
What are the prime factors of 2045?
5, 409
What are the prime factors of 12768?
2, 3, 7, 19
List the prime factors of 5660.
2, 5, 283
List the prime factors of 12272.
2, 13, 59
List the prime factors of 3992.
2, 499
What are the prime factors of 2331?
3, 7, 37
List the prime factors of 2855.
5, 571
What are the prime factors of 7383?
3, 23, 107
List the prime factors of 12946.
2, 6473
What are the prime factors of 183?
3, 61
What are the prime factors of 45615?
3, 5, 3041
What are the prime factors of 8381?
17, 29
What are the prime factors of 56?
2, 7
List the prime factors of 669.
3, 223
List the prime factors of 742.
2, 7, 53
List the prime factors of 13109.
13109
What are the prime factors of 63920?
2, 5, 17, 47
List the prime factors of 1131.
3, 13, 29
What are the prime factors of 1652?
2, 7, 59
List the prime factors of 275.
5, 11
What are the prime factors of 9684?
2, 3, 269
List the prime factors of 85464.
2, 3, 1187
What are the prime factors of 1926?
2, 3, 107
What are the prime factors of 23198?
2, 7, 1657
What are the prime factors of 249?
3, 83
What are the prime factors of 17485?
5, 13, 269
What are the prime factors of 495?
3, 5, 11
What are the prime factors of 1829?
31, 59
What are the prime factors of 1367?
1367
What are the prime factors of 11833?
11833
What are the prime factors of 2438?
2, 23, 53
List the prime factors of 9740.
2, 5, 487
List the prime factors of 1333.
31, 43
What are the prime factors of 554?
2, 277
List the prime factors of 9748.
2, 2437
List the prime factors of 816.
2, 3, 17
List the prime factors of 43.
43
List the prime factors of 180.
2, 3, 5
List the prime factors of 21301.
7, 17, 179
List the prime factors of 54903.
3, 18301
List the prime factors of 18007.
11, 1637
List the prime factors of 654.
2, 3, 109
List the prime factors of 5210.
2, 5, 521
List the prime factors of 114888.
2, 3, 4787
List the prime factors of 8613.
3, 11, 29
List the prime factors of 13037.
13037
What are the prime factors of 908?
2, 227
List the prime factors of 489.
3, 163
What are the prime factors of 7146?
2, 3, 397
List the prime factors of 1242.
2, 3, 23
List the prime factors of 5542.
2, 17, 163
List the prime factors of 72124.
2, 13, 19, 73
What are the prime factors of 97028?
2, 127, 191
List the prime factors of 52070.
2, 5, 41, 127
List the prime factors of 462.
2, 3, 7, 11
What are the prime factors of 51697?
17, 3041
What are the prime factors of 37714?
2, 109, 173
List the prime factors of 25943.
25943
List the prime factors of 302.
2, 151
List the prime factors of 5645.
5, 1129
What are the prime factors of 1154?
2, 577
List the prime factors of 737.
11, 67
What are the prime factors of 103327?
7, 29, 509
List the prime factors of 1624.
2, 7, 29
What are the prime factors of 7056?
2, 3, 7
What are the prime factors of 24185?
5, 7, 691
What are the prime factors of 56991?
3, 11, 157
List the prime factors of 12913.
37, 349
List the prime factors of 81483.
3, 157, 173
What are the prime factors of 2837?
2837
List the prime factors of 35654.
2, 17827
What are the prime factors of 2048?
2
What are the prime factors of 2168?
2, 271
List the prime factors of 174.
2, 3, 29
List the prime factors of 1812.
2, 3, 151
What are the prime factors of 6735?
3, 5, 449
What are the prime factors of 1055?
5, 211
What are the prime factors of 1993?
1993
What are the prime factors of 1620?
2, 3, 5
What are the prime factors of 1438?
2, 719
List the prime factors of 3961.
17, 233
What are the prime factors of 2507?
23, 109
List the prime factors of 496.
2, 31
List the prime factors of 26036.
2, 23, 283
List the prime factors of 47.
47
List the prime factors of 52101.
3, 7, 827
What are the prime factors of 2520?
2, 3, 5, 7
List the prime factors of 159991.
13, 31, 397
What are the prime factors of 8889?
3, 2963
What are the prime factors of 2479?
37, 67
What are the prime factors of 10363?
43, 241
What are the prime factors of 120?
2, 3, 5
What are the prime factors of 5253?
3, 17, 103
List the prime factors of 4844.
2, 7, 173
List the prime factors of 27471.
3, 9157
What are the prime factors of 1887?
3, 17, 37
List the prime factors of 1008.
2, 3, 7
List the prime factors of 8457.
3, 2819
What are the prime factors of 1882?
2, 941
List the prime factors of 1264.
2, 79
What are the prime factors of 3368?
2, 421
List the prime factors of 21633.
3, 7211
What are the prime factors of 113654?
2, 56827
List the prime factors of 6536.
2, 19, 43
List the prime factors of 22870.
2, 5, 2287
What are the prime factors of 2852?
2, 23, 31
What are the prime factors of 1981?
7, 283
List the prime factors of 124.
2, 31
What are the prime factors of 3970?
2, 5, 397
List the prime factors of 685.
5, 137
List the prime factors of 3079.
3079
List the prime factors of 10387.
13, 17, 47
What are the prime factors of 963?
3, 107
What are the prime factors of 1129?
1129
List the prime factors of 4768.
2, 149
List the prime factors of 972.
2, 3
What are the prime factors of 1907?
1907
List the prime factors of 1584.
2, 3, 11
List the prime factors of 133.
7, 19
What are the prime factors of 845?
5, 13
List the prime factors of 7079.
7079
List the prime factors of 21252.
2, 3, 7, 11, 23
What are the prime factors of 6852?
2, 3, 571
What are the prime factors of 51155?
5, 13, 787
List the prime factors of 31139.
31139
What are the prime factors of 46364?
2, 67, 173
What are the prime factors of 28658?
2, 7, 23, 89
What are the prime factors of 8626?
2, 19, 227
List the prime factors of 348.
2, 3, 29
List the prime factors of 81698.
2, 40849
What are the prime factors of 14310?
2, 3, 5, 53
What are the prime factors of 2152?
2, 269
What are the prime factors of 2449?
31, 79
What are the prime factors of 12573?
3, 11, 127
List the prime factors of 2879.
2879
What are the prime factors of 2413?
19, 127
What are the prime factors of 47803?
7, 6829
List the prime factors of 105817.
105817
What are the prime factors of 23984?
2, 1499
List the prime factors of 8687.
7, 17, 73
List the prime factors of 534.
2, 3, 89
List the prime factors of 33923.
33923
What are the prime factors of 2442?
2, 3, 11, 37
What are the prime factors of 4231?
4231
List the prime factors of 5491.
17, 19
What are the prime factors of 2947?
7, 421
What are the prime factors of 78366?
2, 3, 37, 353
List the prime factors of 302.
2, 151
What are the prime factors of 3532?
2, 883
List the prime factors of 1595.
5, 11, 29
What are the prime factors of 26015?
5, 11, 43
List the prime factors of 4533.
3, 1511
List the prime factors of 3551.
53, 67
What are the prime factors of 73330?
2, 5, 7333
List the prime factors of 16727.
43, 389
List the prime factors of 262.
2, 131
List the prime factors of 49129.
73, 673
List the prime factors of 909.
3, 101
What are the prime factors of 1766?
2, 883
What are the prime factors of 1404?
2, 3, 13
List the prime factors of 9664.
2, 151
List the prime factors of 90120.
2, 3, 5, 751
List the prime factors of 21742.
2, 7, 1553
List the prime factors of 164198.
2, 19, 29, 149
List the prime factors of 52865.
5, 97, 109
List the prime factors of 639.
3, 71
List the prime factors of 138627.
3, 73, 211
What are the prime factors of 8731?
8731
What are the prime factors of 584?
2, 73
List the prime factors of 4919.
4919
List the prime factors of 22156.
2, 29, 191
What are the prime factors of 1887?
3, 17, 37
List the prime factors of 2135.
5, 7, 61
List the prime factors of 2071.
19, 109
List the prime factors of 1669.
1669
List the prime factors of 5775.
3, 5, 7, 11
What are the prime factors of 28?
2, 7
List the prime factors of 2408.
2, 7, 43
What are the prime factors of 7047?
3, 29
What are the prime factors of 67066?
2, 33533
What are the prime factors of 3078?
2, 3, 19
List the prime factors of 4130.
2, 5, 7, 59
What are the prime factors of 6516?
2, 3, 181
What are the prime factors of 54442?
2, 163, 167
What are the prime factors of 70487?
70487
List the prime factors of 234.
2, 3, 13
What are the prime factors of 1155?
3, 5, 7, 11
What are the prime factors of 1007?
19, 53
List the prime factors of 